{"id":11,"date":"2018-04-13T22:47:29","date_gmt":"2018-04-13T20:47:29","guid":{"rendered":"http:\/\/hbcomm.hb\/?page_id=11"},"modified":"2023-12-23T13:07:08","modified_gmt":"2023-12-23T12:07:08","slug":"scanner","status":"publish","type":"page","link":"https:\/\/hbcomm.cz\/index.php\/scanner\/","title":{"rendered":"ADS-B"},"content":{"rendered":"<p style=\"text-align: center;\"><strong>P\u0159esn\u00e9 Sledov\u00e1n\u00ed polohy letadel v re\u00e1ln\u00e9m \u010dase s pomoc\u00ed Raspberry Pi<br \/><\/strong><\/p>\n<p style=\"text-align: center;\">Raspi-ADSB server feeder<\/p>\n<p style=\"text-align: center;\"><a href=\"https:\/\/www.flightradar24.com\/49.09,15.99\/7\">FlightRadar24 &#8211; live<\/a><\/p>\n<p style=\"text-align: center;\"><a href=\"https:\/\/www.flightradar24.com\/account\/feed-stats\/?id=43948\">FlighRadar24 &#8211; stats<\/a><\/p>\n<p style=\"text-align: center;\">\u00a0<\/p>\n<p><img loading=\"lazy\" decoding=\"async\" class=\"size-medium wp-image-88 aligncenter\" src=\"http:\/\/90.180.37.188\/wp-content\/uploads\/2019\/01\/adsb-300x250.jpg\" alt=\"\" width=\"300\" height=\"250\" srcset=\"https:\/\/hbcomm.cz\/wp-content\/uploads\/2019\/01\/adsb-300x250.jpg 300w, https:\/\/hbcomm.cz\/wp-content\/uploads\/2019\/01\/adsb.jpg 600w\" sizes=\"auto, (max-width: 300px) 100vw, 300px\" \/><\/p>\n\n\n<p><\/p>\n","protected":false},"excerpt":{"rendered":"<p>P\u0159esn\u00e9 Sledov\u00e1n\u00ed polohy letadel v re\u00e1ln\u00e9m \u010dase s pomoc\u00ed Raspberry Pi Raspi-ADSB server feeder FlightRadar24 &#8211; live FlighRadar24 &#8211; stats \u00a0<\/p>\n","protected":false},"author":1,"featured_media":0,"parent":0,"menu_order":0,"comment_status":"closed","ping_status":"closed","template":"","meta":{"footnotes":""},"class_list":["post-11","page","type-page","status-publish","hentry"],"_links":{"self":[{"href":"https:\/\/hbcomm.cz\/index.php\/wp-json\/wp\/v2\/pages\/11","targetHints":{"allow":["GET"]}}],"collection":[{"href":"https:\/\/hbcomm.cz\/index.php\/wp-json\/wp\/v2\/pages"}],"about":[{"href":"https:\/\/hbcomm.cz\/index.php\/wp-json\/wp\/v2\/types\/page"}],"author":[{"embeddable":true,"href":"https:\/\/hbcomm.cz\/index.php\/wp-json\/wp\/v2\/users\/1"}],"replies":[{"embeddable":true,"href":"https:\/\/hbcomm.cz\/index.php\/wp-json\/wp\/v2\/comments?post=11"}],"version-history":[{"count":21,"href":"https:\/\/hbcomm.cz\/index.php\/wp-json\/wp\/v2\/pages\/11\/revisions"}],"predecessor-version":[{"id":4209,"href":"https:\/\/hbcomm.cz\/index.php\/wp-json\/wp\/v2\/pages\/11\/revisions\/4209"}],"wp:attachment":[{"href":"https:\/\/hbcomm.cz\/index.php\/wp-json\/wp\/v2\/media?parent=11"}],"curies":[{"name":"wp","href":"https:\/\/api.w.org\/{rel}","templated":true}]}}